at is the tens digit of w(-7)?
4
Let j(k) = -2*k - 9. Let o be j(-8). Let u = 5 - o. Let m(x) = -2*x**3 - 2*x**2 + 2*x. What is the units digit of m(u)?
4
Let l be -1 + -1 + 1 - 0. Let t be 5 - (-3 + 1)*l. Suppose 0 = t*r - 5*y - 49, 0 = 2*r - 3*r + 3*y + 23. What is the units digit of r?
8
Let l = 25 + -14. What is the tens digit of l?
1
Let w be 2 - 4 - 4/(-2). Suppose -4*p - 36 = -2*h - 2*h, -p = -2*h + 14. Suppose w = -h*g + 19 + 21. What is the units digit of g?
8
Suppose -w - 26 = 5*p - 481, p - 2*w = 80. What is the tens digit of p?
9
Let l = -122 + 172. What is the units digit of l?
0
Suppose 3*n + 129 = 3*x - 465, 0 = -2*n + 4. What is the tens digit of x?
0
What is the units digit of (22 + 4)/(3/6)?
2
Let i(z) = -z**3 - 9*z**2 + z - 4. Suppose -18 = -0*b + 2*b. Let g be i(b). What is the tens digit of g/(-1 + 0) + -1?
1
Suppose -31 = -2*c - 9. Suppose i = 2*i - c. What is the units digit of i?
1
Let r(w) = -w**2 + 1. Let f(h) = 15*h**2 + h - 3. Let v(b) = f(b) + 3*r(b). What is the tens digit of v(-1)?
1
Suppose -2*k - 3 = -5*k. Suppose 2*v + o - k = -10, 0 = -5*v - 3*o - 23. What is the units digit of (-402)/(-33) - v/(-22)?
2
What is the tens digit of 38/((-4)/(16/(-4)))?
3
Let y(q) = 5*q**2 - q - 1. Let a be y(-3). Suppose 3*b - a + 5 = 0. What is the units digit of b?
4
Let o = -4 - -7. Suppose -o + 12 = 3*t. What is the units digit of t?
3
Let h(r) = -r + 6. Suppose 3*d = -3*m + 7*d + 16, 4*m - 2*d = 8. Let f = 0 - m. What is the units digit of h(f)?
6
Let i = -7 - -12. Suppose 41 = 4*k + i. What is the units digit of k?
9
Let d(m) = m**2 - 9. Let x be d(7). Let n = 61 - x. What is the tens digit of n?
2
What is the units digit of 4/6 + 157/3?
3
Let t = 15 + 37. What is the units digit of t?
2
Let q(z) = z**2 + 2*z - 4. Let b be q(0). Let y(n) = n**2 + 2*n - 4. What is the units digit of y(b)?
4
Let k(o) = -2*o + 5. Let w be k(5). Let v be (-15)/(-6)*(-6)/w. Suppose 0 = v*d + d - 28. What is the units digit of d?
7
What is the units digit of 5 - (0 + 0 - -2)?
3
Let u(l) = 3*l - 11. What is the tens digit of u(10)?
1
Suppose -4*u - 5*q = -2*u - 17, q = 1. Suppose -u = -y - 5*g + 15, -43 = -3*y + 5*g. Suppose -w + y = w. What is the units digit of w?
8
Suppose -2*v = -3*b - 3*v - 2, -3*b = -v + 4. Suppose 0 = 5*w - 5*l + 45, l = -5*w - 4*l + 5. What is the units digit of (-36)/w - (b + -2)?
2
Suppose 375 + 177 = 3*q. What is the tens digit of q?
8
Suppose -14 - 2 = -4*k. Suppose k*h + 2 = 5*o, -5*h + o + 7 + 1 = 0. Let m = h - -2. What is the units digit of m?
4
Let v(l) = l**2 - 3*l + 2. Let f be v(3). Suppose -f*n - 5 = -37. What is the tens digit of n?
1
Suppose 2*m = -m + 12. Suppose -8*z + m*z = -16. Suppose -39 = -z*f + 9. What is the units digit of f?
2
Suppose -2*o = 4*x - 4, -4*x + 3*o = -2 - 22. Let y = -1 + x. Suppose -5*a + 3*s + 36 = 0, 3*a + y*a - 2*s = 34. What is the units digit of a?
6
Let b(w) = w - 25. Let a be b(0). Let h = -15 - a. What is the tens digit of h?
1
Suppose 0*h + 4 = -2*h. Let w(v) = v**2 + 2*v - 4. Let s be w(-4). Let c = s + h. What is the units digit of c?
2
Let t be 2 + (5 - 2) + 0. Suppose 2*u - 20 = -2*h, -4*u - 2*h + 61 = -t*h. What is the units digit of u?
3
Let v = -7 - -10. Suppose -2*o = -v*i + 35, 5 + 1 = 3*o. What is the units digit of i?
3
Let d(r) be the second derivative of -2*r + 1/12*r**4 + r**2 + 0*r**3 + 0. What is the units digit of d(4)?
8
Suppose 0 = 3*c + 2*o - 29, -o = c + 3*o + 7. What is the tens digit of c?
1
Suppose 0 = -4*o + 55 + 125. Let v = 72 - o. What is the units digit of v?
7
Let t be (-3 - -9)/((-15)/20). Let g = -15 + 26. Let v = t + g. What is the units digit of v?
3
Suppose -2*c + 111 = 5*k, 2*k + 2*c = 80 - 32. What is the units digit of (-6)/k - 324/(-7)?
6
Let t(x) = 11*x**2 - 2*x - 1. Let s be t(-1). Suppose s = q + 3. What is the units digit of q?
9
Suppose -v + 69 = y, -6 = -2*v + 5*v. Suppose -b + 4*u + 22 = 0, -3*b - 5*u + 29 = -y. What is the units digit of b?
0
Suppose 4*u - 14 = 14. What is the units digit of u?
7
Suppose -2 = -4*b - 2*x, 0 = 5*b + 6*x - 3*x - 4. What is the units digit of b*2/(2/(-19))?
9
Suppose -k + 2*u = 3*k - 766, 0 = -4*k + 3*u + 763. What is the hundreds digit of k?
1
Let t(b) = 4*b - 1. Let h be t(1). Suppose 2*w - h*w = -11. What is the units digit of w?
1
Suppose -u = 5*g - 14, -u = -5*g + 4*u + 20. Suppose 2*h - 2*a + 2 = 0, -5*h + a = -g*a. What is the units digit of h?
4
Let r(v) be the third derivative of v**4/8 - 3*v**3/2 - 6*v**2. What is the units digit of r(7)?
2
Let q(m) = -m**3 + 13*m**2 - 8*m - 3. Suppose -5*j + 100 = 40. What is the units digit of q(j)?
5
Suppose z + 0 = -g + 3, -3*z + 5*g = -1. Suppose -80 = z*x - 7*x. What is the units digit of x?
6
Let j(i) = -i**2 + 6*i + 3. Let q be j(6). Suppose -h = -q*h + 4. Suppose 5*a = g + 12, 0*a = -h*a + 2*g + 8. What is the units digit of a?
2
Suppose i + 188 = 5*i. What is the units digit of i?
7
Let n = -3 + 6. Let j = n - 0. What is the units digit of j?
3
Let u(g) = -g**3 + 9*g**2 - 10*g + 7. Let w(k) = k**2 + 13*k - 7. Let q be w(-14). What is the tens digit of u(q)?
3
Let p be (16/(-20))/(2/(-140)). What is the units digit of 8/(-12) - p/(-3)?
8
What is the units digit of ((-5)/(-20)*23)/(2/8)?
3
Suppose -18 = -0*i - 2*i. Suppose 0*x - 11 = -2*x - 3*v, 0 = -3*x + 4*v - i. Suppose -4*f + x = -a, -3 = -a + f - 1. What is the units digit of a?
3
Let k = -4 - -7. What is the units digit of ((-2)/k)/((-10)/360)?
4
Let j(r) = 9*r + 1. What is the units digit of j(8)?
3
Let l be 117 - (-5 + -1)/(-3). Suppose -3*n + 325 - l = 0. Suppose 9*r = 4*r + n. What is the tens digit of r?
1
Suppose 5*n - 45 = 5*f, 4*n - 24 = -0*n + f. Suppose -25 = -n*b - 5*o, -b - 2*o = 2 - 7. Suppose 0 = -b*z + 2*z + 45. What is the units digit of z?
5
Suppose -t - 2*b = -7, 2*t - 44 = -0*b + 2*b. Suppose 0 = 3*w + 5*d - 2, 5*w + 4*d - t = 8. What is the units digit of w?
9
Let i(c) = c**2 - 6*c + 1. Let d be i(6). Suppose m = -z - 0*z - 17, -2*m - 5*z = 40. What is the units digit of -4 - -7 - m/d?
8
Let x = -18 - -39. Let g be 2/6 + 35/x. Suppose -5*u + 8 = -g. What is the units digit of u?
2
Suppose -h + 3 = 3*r, -2*h + 5*r + 5 + 1 = 0. Suppose w - h*w = -14. What is the units digit of w?
7
Let u(d) = -d**2 - 7*d - 3. Let i be u(-6). Let q = i - 4. What is the tens digit of -2 + (28/q)/(-2)?
1
Let b(z) = 3*z + 2*z - z - z. What is the units digit of b(1)?
3
What is the units digit of (17/(-2) + 3)*-6?
3
Suppose -5*c + 18 = -2. Let a = -8 + c. Let s = a - -12. What is the units digit of s?
8
Let r = 43 + -28. Let o = 56 - r. What is the tens digit of o?
4
Let l(r) = 5*r**2 + r + 10. What is the units digit of l(-5)?
0
Let n = 7 - 2. Let h be 0 + n/(15/(-18)). What is the units digit of h - -4 - (-9)/1?
7
Suppose 0 = 4*t + 1 - 5. What is the units digit of t?
1
What is the tens digit of (-10)/(-10) - 15/3*-17?
8
Let h(j) = -j**3 - 5*j**2 + 9*j - 8. What is the tens digit of h(-7)?
2
Let a(o) be the first derivative of -o**4/4 - 4*o**3/3 + 3*o**2 + 6*o + 2. Suppose 4*v + 10 = -2*p, 4*p = -4*v - 5 - 15. What is the units digit of a(p)?
1
Suppose -15*z - 472 = -19*z. What is the tens digit of z?
1
Suppose 0*w = -2*w + 72. Suppose -2*s + 2*f + 24 = 0, -s = -4*s + f + w. What is the units digit of s?
2
Let j(n) = -n + 5. Let t be j(5). What is the units digit of 4 - 1 - (t - -2)?
1
Let l(b) = b**3 + 16*b**2 - 11*b - 23. What is the hundreds digit of l(-16)?
1
Let m = 0 + 3. Let p(f) = -7 + 3 + 0*f + 4*f. What is the units digit of p(m)?
8
Suppose 0 = 5*r - 2*r + 66. Let j = 35 + r. What is the tens digit of j?
1
Suppose 0 = -17*f + 679 + 1089. What is the tens digit of f?
0
Suppose d - 4 = 49. What is the units digit of d?
3
Suppose -2*u + 52 = 2*a, u - 21 = 5*a + 17. Suppose 5*s - 20 = 0, -5*s + 50 = t + 4*t. What is the units digit of u/(-6)*t/(-4)?
7
Let g = -3 - -3. Let y(z) = g - 6*z + 2*z**2 - z**2 + 1. What is the units digit of y(6)?
1
Suppose 4*p = 5*p - 38. What is the tens digit of p?
3
Let w = -5 - -34. What is the tens digit of w?
2
Suppose 2*w - 24 = 8. What is the tens digit of w?
1
Suppose 4*u + f - 95 + 2 = 0, -4*u = -2*f - 78. What is the units digit of u?
2
Suppose -g + 4 = 1. Suppose -t - g*t = -64. What is the units digit of t?
6
Let l(w) = 3 + 0 + w + 5. What is t